7. What are the prime factors of j?
3
Suppose -4*v - 4*z - 56 = 0, -v - 5*z = 16 + 18. Let x = v + 30. What are the prime factors of x?
3, 7
Let d(i) = 13*i**2 - 4*i. Suppose -a + 15 = -5*j, 2*j = 5*a - 22 - 7. Let c be d(j). Suppose h - 36 = 6*g - 2*g, -2*h + c = -5*g. List the prime factors of h.
2, 5
Let k = 10 + -5. Suppose 0 = 3*d + k - 11. Let b(t) = 10*t**2 - t - 2. What are the prime factors of b(d)?
2, 3
Suppose i - 4 = 0, 4*i - 7*i = -4*r - 20. Let z be 1 + 8 + r + 0. Let j = z + 15. List the prime factors of j.
2, 11
Suppose -7 = -2*u + 1. Suppose -u*g + 3*s = -919, 2*s - 3*s + 228 = g. What are the prime factors of g?
229
Let b be (-1)/(-3*3/36). Suppose b*n = -2*g + 4, g + n = -3*n. Suppose -g*z - 6 = -7*z. What are the prime factors of z?
2
Let l(f) = f**2 - 1. Let s be l(1). Let y be (-1)/(-1 - (-24)/22). List the prime factors of y*(s + -2 + 1).
11
Suppose -1869 - 256 = -5*h. List the prime factors of h.
5, 17
Suppose 2*z = 6, 5*o - 7 = z + 30. Let n(l) = l**3 - 6*l**2 - 15*l + 20. List the prime factors of n(o).
2, 7
Suppose 742 = 3*c + 4*i, 13*i = -3*c + 16*i + 756. What are the prime factors of c?
2, 5
List the prime factors of 9/(117/3172) - 2/2.
3
Let u = -2293 + 1267. List the prime factors of u/(-10) + (-4)/(-40)*4.
103
Suppose 60*g = 57*g + 6648. What are the prime factors of g?
2, 277
Let i = 3 + -1. Suppose 14 + 4 = i*n. Let w(d) = d**3 - 10*d**2 + 12*d - 1. What are the prime factors of w(n)?
2, 13
Let o be 9*(1 + 4/(-12)). Let p = o + -4. Suppose p*a - 6 = 70. List the prime factors of a.
2, 19
What are the prime factors of 215553/156 + 10/8?
3, 461
Suppose -2*y + 169 = 3*z, -4*y = -2*z - 105 - 225. Suppose 37 + y = 4*b. List the prime factors of b.
2, 3, 5
Let f(s) = s**3 + 19*s**2 - 25*s + 17. Let x be f(-20). Suppose x + 39 = 3*y. What are the prime factors of y?
2, 13
Let p be (-4 - -16)/3 - 0. Suppose 2*n - 4 = p, -n = 5*t - 29. Suppose 2*r = t*r - 18. List the prime factors of r.
2, 3
Let f(n) = -n - 8*n - n**3 + 9 + 27*n**2 - n - 19*n**2. Let z be f(7). List the prime factors of (-30)/z*(-8)/(-2).
2, 5
Let n(g) = -g**3 + 7*g**2 - 5*g - 2. Let i be n(6). Let j = -346 - -328. List the prime factors of i + -2 + -1 - j.
19
Let x(l) = -l**2 - 3*l + 1. Let u be x(-2). Suppose -3*i + 192 = -7*n + 2*n, 0 = -u*n + 2*i - 116. Let b = -30 - n. List the prime factors of b.
2, 3
Suppose 5*h - 2466 = 2*u, 3*h + u - 900 - 573 = 0. What are the prime factors of h?
2, 3, 41
Let p = 29 + -31. Let d be (1/2)/(p/(-20)). Suppose 13 = d*i + 3, -4*b - 4*i = -100. List the prime factors of b.
23
Let i(p) = -p**3 + 18*p**2 + 5*p - 17. Let f be i(14). Suppose 324 - f = -19*z. What are the prime factors of z?
3
Let r = -156 + 157. Let m(z) = 140*z**3 + 1. What are the prime factors of m(r)?
3, 47
Let l(i) = 2*i**2 - 10*i + 14. Let v(j) = j**3 + 10*j**2 + 6*j - 21. Let r be v(-9). What are the prime factors of l(r)?
2, 13
Let i(q) = 3*q**2 + q - 5. Suppose v = 4*v - l - 6, -4*l + 12 = 0. Suppose 0 = 2*d + v*d + 15. List the prime factors of i(d).
19
What are the prime factors of (-2833)/(-3) + (-28)/21*1?
23, 41
Suppose -3*f = -4*u + 2717, 27*u - 24*u - 2025 = -2*f. What are the prime factors of u?
677
Let x be (-42)/(-9)*9 - -3. Suppose 2*f - x - 47 = -2*t, -3*t = 5*f - 232. What are the prime factors of f?
47
Let u(j) = 83*j**2 - 20*j + 95. List the prime factors of u(5).
2, 3, 5, 23
Let y = 104 - -12. What are the prime factors of y?
2, 29
Let x be (-2)/7 - (-23)/7. Let p be (-5)/((-10)/2) - 4*-1. Suppose -p*o - 6*h = -x*h - 36, -4*h = 12. What are the prime factors of o?
3
Let s(x) = x**2 - 2. Let d be s(-5). Let l = d - 10. Suppose 4*c - 30 = 2*u, -u - l = -2*c + 2*u. List the prime factors of c.
2
Let k be (-2 + 0/2)/((-34)/(-51)). Let a(w) = 4 - w - 3*w + 2. List the prime factors of a(k).
2, 3
What are the prime factors of -2 + 66 + (-9 - 3)/(-4)?
67
Let z be ((-11)/33)/((-1)/(-6)). Let h be 2 - z*9/6. Suppose h = -t, 3*t + 51 = q - 0*t. List the prime factors of q.
2, 3
Let a(k) = -2*k**3 - 2*k**2 + 2*k + 3. Let t be a(-3). Suppose -5*x = -y - 3*y + 3, 1 = -2*y + 5*x. Suppose y*f - t = -f. What are the prime factors of f?
11
Let s(v) = v**2 - 5*v - 12. Let y be s(6). Let r be 39 + 1 + y + 2. Let k = 0 + r. List the prime factors of k.
2, 3
Suppose 5*c = 3*v + 13, 2*v = -4*c + 3*c + 13. Suppose -v*o + o = -222. What are the prime factors of o?
2, 37
Let w(p) = 2*p**3 + 4*p**2 + p + 1. Let u be w(-3). Let x be ((-8)/(-10))/(8/u). What are the prime factors of (1/x)/(2/(-108))?
3
List the prime factors of (4413/6 - 3)*76/190.
293
Let p be (-36)/15*(-55)/22. Suppose -p*z = 132 - 462. List the prime factors of z.
5, 11
Let r(z) = -3*z + 192. What are the prime factors of r(-29)?
3, 31
Let q be ((-39)/2)/(55/30 - 2). List the prime factors of q*(-1 - (-20)/12).
2, 3, 13
Let b = 44 - 35. Let v(f) = f**3 - 7*f**2 - 6*f - 15. List the prime factors of v(b).
3, 31
Let t = 65 - 20. Let k = t - 20. Let i = 47 - k. What are the prime factors of i?
2, 11
Let x(h) = -3*h**3 + 7*h + 2*h**3 - 4*h**2 - 2 + 0*h**3 + 0*h**3. What are the prime factors of x(-6)?
2, 7
Let f be (-15)/(-4)*(-8)/3. Let j be (0 - 5)/(4/20). Let p = f - j. What are the prime factors of p?
3, 5
Suppose -9*c + 12*c = 2*r + 2665, 0 = c + r - 890. What are the prime factors of c?
7, 127
Let z = -8 - -4. Let g(j) = -j**3 + j**2 + 2*j - 6. What are the prime factors of g(z)?
2, 3, 11
What are the prime factors of 75173/35 - (-7)/35?
2, 3, 179
Let g(l) = -3*l**2 - 3 - l**3 - 2 + 11 - 4*l. Let u be g(-4). Suppose 5*k - 72 = u. List the prime factors of k.
2, 11
Let o(g) = -2*g - 1. Let f(j) = -3*j - 16. Let m be f(-4). List the prime factors of o(m).
7
Let h be -1 - (-40 + (-3)/1). Suppose -3*y = -3, -p + 5*y - 2 = -0*y. Suppose -h = -a - a - x, -26 = -a - p*x. What are the prime factors of a?
2, 5
Suppose 5*j + 751 - 2921 = 0. Suppose b = -a + j - 162, -1368 = -5*a - b. What are the prime factors of a?
2, 137
Suppose -10*y - 15620 = -11*y. List the prime factors of 4/5 - y/(-100).
157
Let u(k) = -k**3 + 11*k**2 - 11*k + 2. Let p be u(10). Let y be 2 + (-4)/p*2. Suppose t + 4*f - 66 = -t, y*t - 5*f - 99 = 0. List the prime factors of t.
3, 11
Suppose -g + 17 = 5. Suppose -2*h = -f - 13, -g = h + 3*h. Let o = f + 33. List the prime factors of o.
2, 7
Let t = -107 - 83. Let u = -90 - t. What are the prime factors of u?
2, 5
Suppose 3*g = -4*k + 1, g - 4 = 3*k + 5. Suppose g*r - 4*r + 3 = 0. Suppose 29 = r*x - 7. What are the prime factors of x?
2, 3
Let o = -348 + 713. List the prime factors of o.
5, 73
Let l be 6/(-4) + (-135)/(-18). Let i = -4 - -8. What are the prime factors of i - -1*(-4 + l)?
2, 3
Suppose -3*u = -6*u + 408. Let n = 194 - u. What are the prime factors of n?
2, 29
Let u(j) = 8*j - 1. Suppose -4*d + 2*r - 2 = -20, 0 = 5*d + 2*r - 45. Suppose -2*f - 5 = -d. What are the prime factors of u(f)?
7
Let l = -855 + 3041. What are the prime factors of l?
2, 1093
Let m = 964 + -239. List the prime factors of m.
5, 29
Suppose 5*k + 203 = -0*k - 3*h, -k + 2*h - 38 = 0. What are the prime factors of (-207)/(-15) + 32/k?
13
Let j = -384 + 394. Let h be (-3)/(0 + 6/(-40)). Let l = h + j. What are the prime factors of l?
2, 3, 5
Let t(y) = -36*y**2. Let z be t(-1). Let b = z + 97. List the prime factors of b.
61
Suppose 5*k - 4*w = 6414, 2*w - 1799 - 3327 = -4*k. List the prime factors of k.
2, 641
What are the prime factors of 4 - (-1212)/9*6?
2, 7, 29
What are the prime factors of (-449 - (0 + 1))/(4 + -5)?
2, 3, 5
Let r(x) be the second derivative of x**4/12 + 7*x**3/6 + x**2 - 6*x. Let y = -29 - -21. List the prime factors of r(y).
2, 5
What are the prime factors of (10/(-5))/(-8)*1528?
2, 191
Suppose -7*z + 20 = -3*z. Suppose z = w - 0*w. Suppose -5 + 175 = w*r. What are the prime factors of r?
2, 17
Let q = 36 + -31. Suppose q*r - 3*f = f + 475, 0 = 5*r + 5*f - 520. What are the prime factors of r?
3, 11
Let o = 30 + 1. Suppose -2*x - 20 = -5*z, x + x = 2*z - 8. Suppose a - o - 17 = x. List the prime factors of a.
2, 3
Let x(a) = 13*a + 9. Let l be x(-7). Let p = 143 + l. List the prime factors of p.
61
Let l = -10 + 21. Let h be (-96)/56 - (-2)/(-7). What are the prime factors of (-4 - -2)*l/h?
11
Let d(i) = 77*i + 7. List the prime factors of d(2).
7, 23
Let w = 2